4. Give h(-13).
4
Let w(z) = 19*z + 9. Determine w(6).
123
Let p(h) = h**3 - 12*h**2 + 11*h + 2. Give p(11).
2
Let b(r) = 3*r + 4. Determine b(-2).
-2
Let n(t) = t + 4. Determine n(-5).
-1
Let g(u) = u**2 - 13*u + 4. Give g(10).
-26
Let w(p) = p**2 - 8*p - 20. What is w(10)?
0
Let c(j) = -2*j + 39. What is c(16)?
7
Let h(b) = b**3 - 33*b**2 - 32*b - 5. What is h(34)?
63
Let c(v) = v - 9. Determine c(22).
13
Let w(s) = s**2 + 13*s - 74. Calculate w(-17).
-6
Let q(r) = 2*r**2 - 10*r - 3. Give q(6).
9
Let n(z) = -z**3 + 48*z**2 + 151*z + 75. Calculate n(51).
-27
Let q(g) = -g + 2. Give q(11).
-9
Let q(o) = -o**3 - 83*o**2 + 261*o + 246. Give q(-86).
-12
Let c(n) = -n**3 - 9*n**2 - n + 13. What is c(-9)?
22
Let d(n) = n**3 - 6*n**2 + 7*n - 4. What is d(5)?
6
Let l(p) = -11*p + 7. What is l(2)?
-15
Let d(t) = t**2 - 2*t + 2. Calculate d(-5).
37
Let p(t) = -2*t**3 - 57*t**2 - 24*t + 119. Calculate p(-28).
7
Let y(m) = -m**3 + 4*m**2 + 31*m + 1. Calculate y(8).
-7
Let o(f) = f**2 + 9*f + 13. Give o(-7).
-1
Let w(k) = 11*k**3 - k**2 - 2*k - 1. Calculate w(-2).
-89
Let o(w) = w**2 + 14*w - 13. What is o(-9)?
-58
Let f(b) = -b + 3. What is f(0)?
3
Let u(q) = -q**2 - 9*q + 93. What is u(-15)?
3
Let q(h) = 22*h**3 - h. What is q(1)?
21
Let t(r) = -6*r + 125. Determine t(25).
-25
Let o(x) = -x**3 + 6*x**2 + 7*x - 6. Determine o(7).
-6
Let y(n) = -n**3 - 6*n**2 + 10*n + 9. Calculate y(-7).
-12
Let l(f) = f**3 - 11*f**2 - 82*f + 22. Give l(16).
-10
Let o(g) = -4*g**2 - 15*g - 9. Give o(-7).
-100
Let r(y) = 11*y**2 + 2*y - 2. What is r(-2)?
38
Let n(k) = k**3 + 13*k**2 + 19*k - 29. What is n(-11)?
4
Let x(n) = -n - 23. Give x(-7).
-16
Let f(x) = x**2 + 31*x + 92. Calculate f(-28).
8
Let c(s) = 2*s - 43. What is c(19)?
-5
Let c(v) = -5*v**3 - v**2. What is c(-1)?
4
Let t(y) = -y**3 + 5*y**2 + 3*y - 5. Calculate t(5).
10
Let t(o) = o**3 - 2*o**2 + 2*o + 3. Give t(-3).
-48
Let w(i) = -i**2 + 15*i - 22. Give w(15).
-22
Let x(d) = 18*d + 15. Calculate x(-3).
-39
Let g(p) = p**3 - 18*p**2 + 18*p - 11. Calculate g(17).
6
Let w(o) = 2*o**3 - 14*o**2 - 8*o + 9. Calculate w(7).
-47
Let j(p) = 2*p + 13. What is j(-7)?
-1
Let j(y) = -5*y**2 - 20*y + 7. Calculate j(-6).
-53
Let z(y) = 3*y - 35. Calculate z(16).
13
Let x(y) = 19*y - 113. Give x(6).
1
Let f(i) = -11*i - 2. Give f(1).
-13
Let c(k) = 23*k**2 + 69*k - 5. Calculate c(-3).
-5
Let z(s) = s**3 - 9*s**2 + s. Calculate z(7).
-91
Let z(h) = -4*h**2 - 7*h - 3. What is z(-2)?
-5
Let j(k) = -16*k. Calculate j(1).
-16
Let b(a) = -a**2 + 9*a - 20. Determine b(11).
-42
Let c(l) = 8*l + 3. Determine c(3).
27
Let p(b) = -3*b + 89. Calculate p(17).
38
Let c(u) = u**3 - 7*u**2 - 23*u + 35. What is c(9)?
-10
Let n(r) = r**3 - 104*r**2 - 433*r - 4. Calculate n(-4).
0
Let u(p) = p**2 - 2*p - 4. Determine u(-4).
20
Let r(t) = -t**3 - 7*t**2 - 20*t - 64. Determine r(-5).
-14
Let h(y) = -15*y + 1. Calculate h(1).
-14
Let l(r) = 3*r**2 + 73*r - 54. Determine l(-25).
-4
Let s(c) = -c**3 + 7*c**2 + 9*c - 14. Calculate s(8).
-6
Let c(o) = -84*o - 15. Determine c(1).
-99
Let u(n) = n**2 - 8*n - 10. Determine u(5).
-25
Let u(k) = -k**3 - 9*k**2 - 21*k - 40. Give u(-6).
-22
Let r(s) = -s**3 + 15*s**2 + 38*s - 58. Determine r(17).
10
Let g(r) = -2*r**2 + 13*r - 4. Determine g(7).
-11
Let t(p) = -p**3 - 4*p**2 - 8*p - 2. Calculate t(-3).
13
Let d(n) = -2*n**2 + n + 2. Determine d(-2).
-8
Let x(a) = -a**3 + 39*a**2 - 42*a + 143. Give x(38).
-9
Let m(g) = g**2 + 6*g - 9. Give m(-7).
-2
Let d(i) = -2*i**2 + 17*i - 58. Determine d(5).
-23
Let v(s) = s**3 - 16*s**2 + 20*s - 78. What is v(15)?
-3
Let d(u) = 3*u**2 - 20*u - 10. Give d(9).
53
Let z(k) = -3*k + 11. Give z(-5).
26
Let y(a) = 8*a**2 + a + 6. Determine y(-2).
36
Let q(p) = p**2 - 24*p + 142. Calculate q(13).
-1
Let n(m) = 2*m - 12. Give n(-7).
-26
Let w(c) = -10*c - 107. Give w(-11).
3
Let s(r) = -r**3 - 12*r**2 + 14*r + 17. What is s(-13)?
4
Let k(y) = -y**2 + 13*y - 11. Determine k(9).
25
Let r(k) = -4*k + 10. Calculate r(6).
-14
Let k(f) = f**2 + 24*f + 84. Give k(-5).
-11
Let r(n) = -4*n**2 - 4*n - 13. Determine r(-3).
-37
Let t(y) = -y + 14. Calculate t(0).
14
Let h(x) = 3*x + 42. Calculate h(-20).
-18
Let o(m) = -4*m**2 - 26*m + 18. What is o(-7)?
4
Let i(n) = 10*n + 51. What is i(-7)?
-19
Let w(o) = -2*o**2 + 70*o + 8. What is w(35)?
8
Let x(i) = -2*i**2 + i - 3. Calculate x(2).
-9
Let b(y) = y**3 + 10*y**2 + 9*y + 5. Determine b(-9).
5
Let u(j) = 23*j - 1002. Give u(43).
-13
Let q(k) = k**3 + 7*k**2 - 6*k + 11. Calculate q(-8).
-5
Let l(q) = q**3 - 3*q**2 + 2*q - 3. Give l(2).
-3
Let y(l) = -l**3 - 6*l**2 + 4*l - 8. Give y(-6).
-32
Let h(l) = l**3 - 7*l**2 - 8*l - 10. What is h(8)?
-10
Let v(s) = -3*s + 47. Determine v(19).
-10
Let a(t) = -t**3 + 6*t**2 - 7*t + 10. Give a(5).
0
Let p(i) = i**3 - 6*i**2 + i - 5. What is p(6)?
1
Let d(y) = y**3 - 7*y**2 - 9*y + 11. Determine d(8).
3
Let p(k) = 2*k - 12. Give p(5).
-2
Let v(p) = -p**2 - 11*p + 18. Calculate v(-13).
-8
Let v(k) = k**3 - 26*k**2 - 55*k - 43. What is v(28)?
-15
Let w(r) = 3*r**2 + 38*r - 9. Determine w(-13).
4
Let w(r) = 6*r**2 - 9*r + 9. Determine w(2).
15
Let o(a) = a**2 + a - 3. Give o(6).
39
Let p(q) = q + 7. Give p(-9).
-2
Let i(l) = l**2 + 10*l + 14. What is i(-8)?
-2
Let z(q) = 8*q - 110. Give z(16).
18
Let p(d) = -3*d + 20. What is p(16)?
-28
Let g(h) = 47*h**2 - 5*h + 6. Give g(1).
48
Let c(x) = x**3 - 10*x**2 + 3*x - 9. What is c(10)?
21
Let x(v) = v**2 - 7*v + 5. What is x(6)?
-1
Let r(o) = o**3 + o**2 + 13*o - 4. Calculate r(0).
-4
Let x(g) = g**2 + 15*g + 12. Give x(-12).
-24
Let f(t) = 2*t**2 - 16*t + 15. What is f(7)?
1
Let d(c) = -c**3 - 10*c**2 - 9*c + 3. What is d(-9)?
3
Let c(f) = 2*f**2 + 5*f + 8. Determine c(-6).
50
Let s(n) = -n**2 + 4*n - 1. What is s(3)?
2
Let l(w) = w**2 - 13*w + 12. Determine l(12).
0
Let f(o) = o**2 + 3. Give f(5).
28
Let j(o) = -o - 23. What is j(-7)?
-16
Let o(i) = -6*i**2 + 2*i + 1. Determine o(-3).
-59
Let s(l) = l**2 + 13*l + 14. What is s(-13)?
14
Let l(g) = -g**2 + 16*g - 5. Give l(15).
10
Let f(p) = -3*p + 5. Give f(-5).
20
Let h(r) = r**3 - 12*r**2 - 28*r + 16. Calculate h(14).
16
Let y(x) = x - 15. Calculate y(9).
-6
Let a(n) = -n**2 + 8*n + 3. Give a(6).
15
Let u(q) = -q + 10. Give u(11).
-1
Let g(z) = z**2 - 21*z - 19. What is g(22)?
3
Let k(s) = 6*s - 9. Calculate k(2).
3
Let o(f) = -f**3 + 10*f**2 - f + 7. Give o(10).
-3
Let p(v) = -v**3 + v**2 + 3*v + 1. Determine p(0).
1
Let d(x) = -2*x**2 + 18*x - 54. Calculate d(5).
-14
Let s(o) = -o**3 - 9*o**2 + 3*o + 1. Determine s(-8).
-87
Let m(y) = y**3 - 15*y**2 + 16*y + 5. Determine m(14).
33
Let b(k) = k - 8. Determine b(-7).
-15
Let u(n) = -n**3 + 17*n**2 - 11*n - 41. Give u(16).
39
Let h(a) = -a**3 + 6*a**2 + 5*a + 8. What is h(7)?
-6
Let i(z) = z - 5. What is i(3)?
-2
Let d(y) = -y**3 - 12*y**2 + 15*y + 20. Give d(-13).
-6
Let v(k) = k**3 + 29*k**2 + 121*k + 6. Give v(-24).
-18
Let v(b) = b**3 + 21*b**2 + 22*b + 39. Calculate v(-20).
-1
Let a(c) = 14*c - 453. Determine a(32).
-5
Let u(f) = 8*f - 6. Determine u(2).
10
Let w(f) = -f**3 - 14*f**2 - 15*f - 6. Give w(-13).
20
Let u(t) = -5*t**2 + 93*t + 46. Calculate u(19).
8
Let u(y) = -34*y - 174. Give u(-5).
-4
Let u(p) = -26*p + 4. Determine u(-1).
30
Let i(z) = 18*z + 2. What is i(-1)?
-16
Let n(s) = 4*s - 11. What is n(3)?
1
Let r(f) = 4*f**2 + f + 1. What is r(-5)?
96
Let w(h) = -2*h**2 - 40*h - 30. Determine w(-18).
42
Let b(p) = -11*p**2 + 46*p - 3. What is b(4)?
5
Let m(i) = -i**2 - 19*i + 406. Calculate m(13).
-10
Let z(p) = 6*p**2 - 21*p + 1. Determine z(3).
-8
Let j(q) = -q**2 + 33*q - 175. What is j(27)?
-13
Let c(h) = -3*h**2 - 58*h + 44. What is c(-22)?
-132
Let l(g) = g - 1. Give l(-8).
-9
Let b(j) = j**3 - 7*j**2 + 13*j - 171. Calculate b(8).
-3
Let t(h) = -7*h**2 + h + 3. Determine t(2).
-23
Let d(w) = -w**3 - 14*w**2 - 9*w - 3. Calculate d(-14).
123
Let q(h) = h**2 + 15*h - 24. Determine q(-17).
10
Let b(c) = -c**3 - 3*c**2 + c - 9. Give b(-5).
36
Let p(w) = -w**2 - 3*w + 2. Give p(-2).
4
Let d(b) = 19*b - 20. Determine d(1).
-1
Let f(d) = d**2 - 14*d + 16. Give f(13).
3
Let g(p) = -3*p - 78. Calculate g(-28).
6
Let g(n) = n - 31. Determine g(-7).
-38
Let c(b) = -b**2 - 13*b - 9. Determine c(-12).
3
Let k(q) = -7*q - 47. Give k(-9).
16
Let q(